-5 + -34 - -4) - (-40 + 29).
-24
What is (14 - 5) + (33 + -32 + -8 - (-45 - 2))?
49
-17 - (53 + -119 + -4)
53
What is the value of (34 - 8) + -28 - (-1 + -8) - -30?
37
Calculate (-3 - (1 - 1)) + (8 - (3 - -8)).
-6
Evaluate -9 - (7 - (-4 + -5 - -49)) - -15.
39
32 + (29 - (11 + -14) - -2 - 18)
48
What is (-123 - -28 - (18 - 31)) + (2 - 1) + -3?
-84
What is the value of 32 - 133 - -107 - (37 + 0 + (0 - 2))?
-29
Evaluate (3 - 16) + -1570 + 1647.
64
Evaluate (-15 - -10) + (-7 + 7 - -28).
23
What is the value of (-15 - (28 + -14 + -11 - 17)) + (79 - 3)?
75
Calculate 34 - 57 - -27 - -13.
17
Calculate -2 + (15 - -20 - 7) - 70.
-44
What is the value of (0 - (-29 + 11 + 5)) + (100 - -1 - 1)?
113
What is the value of 5 + -32 + 40 + 1 + -2 + -6 + -59?
-53
-7984 + 7949 + (-3 - -2 - -28)
-8
What is the value of (-5 - (14 + -25 + -5)) + -92 + 11?
-70
Calculate (30 - 35 - 23) + (-8 - -9 - -18).
-9
What is (-106 - -3) + (-28 - -23) + 24 + -2?
-86
Calculate -45 + 56 + -18 + 2 - (-71 + -1) - 8.
59
(-24 - -49) + (-5 - -3) + (-7 - 158)
-142
What is the value of (-268 - -324) + (-61 - 2)?
-7
Calculate -182 - -337 - 187 - (-23 + 1).
-10
73 + (77 - (109 + 82))
-41
1 - -3 - (-174 + 101) - -17
94
Calculate (72 - (-55 - -56)) + -46.
25
Evaluate 2 + (-3 - -54) - (17 + (11 - 33) + 6).
52
What is the value of -2741 + 2705 - (-60 + 2)?
22
7 + -1 - (17 + 9 + -44 + 3)
21
Calculate -40 + (-51 - -17) + 27.
-47
What is the value of (67 - 26) + -72 + 10?
-21
What is (-9 + (5 - (-8 + 3)) - 11) + -19?
-29
Calculate -4 - (-40 - -19 - -28).
-11
Evaluate 12 + -89 + 70 - (20 - 0).
-27
Calculate 15 - 7 - (38 - (-4 + 18 + 1 + -6)).
-21
Calculate 1 - 37 - (-304 + -296 + 574).
-10
Calculate -9 + (7 + -3 - -4 - -22).
21
Evaluate 0 - ((-2 - -7) + (-2 + 1 - 42)).
38
Evaluate -46 + 13 - (30 + 14 + -2).
-75
What is 153 + (-70 - 60) + -17 + 2?
8
152 + -3 + (-114 - -49)
84
What is (-36 + 53 - 5) + 3?
15
Evaluate -1185 - -1241 - (16 + -2).
42
Evaluate -5 + (-117 - -128 - (-46 - -2)).
50
What is the value of 29 + 6 + (-29 - -10) + 8?
24
What is -7 + (15 - (17 + 12 + -32 + 8))?
3
Evaluate 66 + -244 + 228 + -99.
-49
Evaluate 25 - (-20 + (21 - (8 - 4 - -1))).
29
Calculate (-4 - (3 - 5)) + 5 - (-29 - (-8 + -4)).
20
What is the value of 116 - (-59 + -21 + 140)?
56
What is the value of 20 + -1 + -4 + -30 + 22?
7
What is -36 + (47 - -38) - 22?
27
-23 - (-72 + (15 - -14)) - 17
3
What is (-2 - ((-22 - -15) + 15)) + 8 + 3 + -60?
-59
What is the value of -5 - (16 - ((-8 - -18) + 13))?
2
-2 + 19 + (180 - 283) + 24
-62
Calculate 59 + 61 + -84 - (-5 + 166).
-125
What is 9 + -7 + (18 - 25) - -1?
-4
What is the value of -23 + -6 + 17 - (-1 - 16) - -41?
46
What is the value of 450 - 403 - (-3 + -28)?
78
Evaluate 2 - 20 - (-22 - 14 - -22).
-4
What is the value of 2 + 25 + (-3 - 93) - -22?
-47
Calculate (-35 - -33) + 21 + -133 - (-1 + -21).
-92
What is 33 - (-89 - -148) - (-2 + -166)?
142
What is (-2 - -10) + -1 + 2 + (157 - 166) - -10?
10
(-68 - -83 - (44 + -9)) + 0
-20
Evaluate (-26 - -3 - -7) + -6 + 10 - 45.
-57
-2 + (-11 - -8 - 6) - (367 - 269)
-109
What is the value of 0 + 6 + 43 + 6 - (118 - 137)?
74
What is the value of 29 + -73 + 158 - 63?
51
Evaluate -5 - ((57 - 24) + 34).
-72
Calculate -12 + (0 + -22 - -22) + 41.
29
Evaluate -51 - (-45 - (19 + -43)).
-30
Evaluate 363 - 325 - (74 + 6).
-42
Evaluate -7 + 6 - -10 - (0 + (4 - 8)).
13
Evaluate 2 + (53 - 44) - (-1 - (0 - 28)) - 9.
-25
What is 2 - -33 - (25 - (1 + 5) - 14 - 7)?
37
What is the value of 47 + -62 + 28 + 2 - 33?
-18
What is 0 - 1 - ((-1 - -8) + -31 + 31 - 6)?
-2
-22 + (33 - -4 - 13) - -16
18
What is 37 + (-9 - -3) + -8 + 17 + -16?
24
Calculate -29 + -10 - (-154 + 38).
77
What is -23 + 1 + 1 - (-2148 - -2077)?
50
Evaluate (-1 - (-3 + 0 - (-5 + -8))) + -4.
-15
Evaluate -58 - (-53 - 73) - 39.
29
What is -2 + (28 - 34) - (-2 - -38)?
-44
Calculate (31 - 26) + 41 + -17.
29
(-152 - -176) + -85 + 3
-58
What is -5 + 2 + 7 - (-6 - (6 + -15) - 6)?
7
Evaluate 3 + 49 + -4 + -2 + (-9 - -25).
62
What is 216 + 23 - (432 + -296)?
103
27 + -18 - 3 - (59 - 14 - 16)
-23
What is 9 + (8 + -26 - -21) - 2?
10
What is the value of 0 - -6 - -32 - 1?
37
Calculate (-13 - -1) + (-4 - (-16 + 27 - 3)) + -93.
-117
(-22 - -31) + (3 - 0) - (-85 + 60)
37
Evaluate 17 + 13 + -28 + 54.
56
-89 - -98 - (7 + -1 - -8)
-5
What is 41 + -33 - (-51 - -1) - (60 + -60)?
58
(-84 - (9 + 84)) + 57
-120
What is the value of 2 + (-15 - 2) + -676 + 680 + -46 - 6?
-63
What is the value of 15 + -171 + 57 - -64?
-35
Evaluate 10 + 0 + (-12 - 151 - -103).
-50
(25 - 33) + (-14 - -17) + (59 - -2) + 2
58
What is -15 + 12 + 84 + (-16 - 3) + (-11 - 0)?
51
What is (2 - (-9 + 2)) + -25 - -61?
45
What is 44 - (50 + 30 + -57)?
21
28 + -59 - (49 - 114)
34
Evaluate (4 - 3) + -28 - (137 + -180).
16
Evaluate -34 + 23 + -142 - -267.
114
(0 + 1 - 42) + (-14 - -26) + -9
-38
What is -26 - 5 - -37 - (49 - -3)?
-46
What is the value of 77 - (-47 - 39 - -67)?
96
What is -148 + -104 + (-49 - -177)?
-124
(-713 - -751) + (3 + 33 - -1)
75
What is -4 + ((7 - 2) + -11 - -17)?
7
Calculate -9 - 0 - (55 - 76 - -24).
-12
Calculate 0 + (-51 + 24 - (-1 - -7)) + 10.
-23
What is the value of -84 + (-103 - 25 - -118)?
-94
What is the value of (-30 + -1 - 3) + (-33 - (-7 + (-3 - 30)))?
-27
Calculate (10 - (43 - 13) - -7) + 10 - (-54 + 4).
47
16 + 3 - (5514 + -5637)
142
Evaluate -18 - (42 - 46 - -5) - -92.
73
Calculate 5 - (26 + -2 + -7) - (-20 + 43).
-35
What is the value of -5 + (85 - (-5 - -32) - 0)?
53
Calculate -39 - (-18 + (22 - (-20 + 44)) + 11).
-30
Calculate ((90 - 91) + 34 - (1 + 16)) + 102 + 3.
121
What is -1 + -5 + 38 + (11 - (-15 + 21))?
37
Evaluate 60 + -116 + 102 - -39.
85
(-14 - -28) + -35 + (7 - (1 - 3))
-12
Calculate (225 + -217 - (-1 - 3)) + -14 + 16.
14
What is (17 - (3 + -48)) + 0 + (23 - (7 + 3))?
75
Evaluate (2 - -2) + 6 + -491 + 485.
4
What is the value of -28 - (-41 + -7 + 28 - 10)?
2
Evaluate -145 + (193 - (-133 + 27)).
154
(15 - ((-9 - -17) + -3) - (-1 + 0)) + -2
9
What is -65 + (69 - 36) - (-21 + 3)?
-14
Evaluate (-14 - 34) + -1 + 3 + 4.
-42
Evaluate 42 + -82 + (-7 - -48).
1
What is the value of (-14 - 0) + (-7505 - -7523)?
4
Evaluate (94 + -45 - 39) + (4 - 4 - -37).
47
What is -4 + 81 + -61 - (-2 - (-8 - 3))?
7
What is 51 + 11 + -9 - (-2 - (-4 - 8))?
43
Evaluate 12 + (5 + 13 + -6 - 15) - (22 - -6).
-19
Calculate 19 + (-1 - 7) - (143 - 130 - (6 + -1)).
3
-165 - (-3 - (16 + 16)) - -40
-90
What is 30 + (-2 + 7 - (-14 + 7 + 14))?
28
What is (-3 - ((9 - 10) + 3 + (-4 - 8))) + -88?
-81
14 + 14 + (-35 + 31 - (-28 + 13))
39
What is the value of -2 - 0 - (-22 - (12 - 38) - -9)?
-15
What is the value of ((1 - -7) + (-13 - -10) - -36) + 8 + -7?
42
Evaluate (2 + -17 + 0 + 3 - (4 - 30)) + -4.
10
Evaluate -38 + 48 + 38 + -20.
28
What is the value of -5 + 0 + 16 + -17 - ((4 - 2) + 12)?
-20
Calculate -4 - (30 - 12) - -4.
-18
Calculate 41 - (-12 - -11) - (1 - 6 - (9 - 14)).
42
Evaluate -97 + 11 + 47 + -6 + 35.
-10
What is the value of -28 + 19 + (-15 - 11) + 21?
-14
What is the value of 5 - -14 - 4 - (327 - 373)?
61
Evaluate -19 + -9 + 41 + 36.
49
What is the value of -5 - (-23 - (-12 - (4 + 3)) - -87)?
-88
Calculate 15 - ((-1 - -3) + (36 - (-2 - -54))).
29
Evaluate -8 + 6 + ((-3 - -3) + -10 - (-53 + 46)).
-5
What is the value of 13 - (-21 + -19 + (-1 - -19))?
35
Evaluate -73 - (48 - 29) - -55.
-37
What is 0 - (-73 + 10 + 30 + -8)?
41
122 + -42 + -27 + (-11 - -44)
86
Calculate 13 + (14 + (-15 - 0) - (11 - 4)).
5
What is 40 + 5 + -30 + 28 - (-1 - -2)?
42
Calculate (-47 - -37) + 105 + -54.
41
What is the value of -26 + (37 - 22 - 21) - 47?
-79
What is -3 + 14 + (37 - (-1 - -14) - 70)?
-35
Evaluate (-55 - -9) + 29 + 121 + 3.
107
(-2 - -63) + (0 + 15 + -26 - (-2 - -3))
49
What is -5 - (13 + -10) - (-2 + 23 - (31 - 26))?
-24
Calculate (7 - 23) + -6 + 18 - (-58 - 6).
60
Calculate -42 - (58 + -60 + -79).
39
What is 54 + -44 - (-38 + 38 + 0 + -9)?
19
174 + -165 - (-1 + -85)
95
What is -584 + 571 + (8 - 16) + -38?
-59
Evaluate (3 - -10 - -1) + (-83 - (103 + -238)).
66
Evaluate 27 - (45 + (-122 - -25)) - 42.
37
What is the value of -23 + 5 - (-69 - (-14 - 12)) - 6?
19
What is 4 + -18 - ((81 - (2 + -1)) + (11269 - 11267))?
-96
What is -116 - -97 - (-2 + -4 + 4 + (-8 - -10))?
-19
What is the value of 11 + 21 + -16 - 20 - (-2 - 54)?
52
What 